4 is divided by o(14).
36
Let n(x) = 6*x - 4. Let p be (-4)/18 - (-464)/(-18). Let u = 53 - p. Calculate the remainder when u is divided by n(4).
19
Let f = -179 - -276. What is the remainder when f is divided by (-2)/(-1)*(-33)/(-2)?
31
Suppose 7*w - 8*w = -7. Let u(d) = -d**2 + 10*d - 15. Calculate the remainder when 11 is divided by u(w).
5
Let n = -27 + -85. Let v = n + -54. What is the remainder when 53 is divided by v/(-12) + (-4)/(-24)?
11
Let o(y) = 2*y**3 - 4*y**2. Let m be (-8)/(-2) - 157 - -3. Calculate the remainder when o(3) is divided by (-4)/30 + (-1070)/m.
4
Suppose k - 3*a + 10 + 3 = 0, 3 = 3*k + 5*a. Let z(j) = -2 + 2*j**2 + 5*j**2 + j + 4. Calculate the remainder when z(k) is divided by 28.
26
Let c(b) = b + 12 + 6*b + 6. What is the remainder when c(8) is divided by 15?
14
Suppose 0*w = 4*w - 100. Suppose 5*t - 3 = 17. Suppose -t*h = 5*o + w - 119, 5*o - 4*h - 126 = 0. What is the remainder when 42 is divided by o?
20
Let n = -8 + 8. Suppose 3*c + n*c - 3*t - 69 = 0, 3*c - 74 = 4*t. What is the remainder when 10/(-45) - (-94)/c is divided by 4?
1
Calculate the remainder when 622 is divided by ((-4)/(-3))/(-5 + 1379/273).
24
Suppose 2*z - 10 = -2*a, 4*z + 7 = -2*a + a. Suppose -222*s + 924 = -194*s. Calculate the remainder when s is divided by a.
6
Let v = -19 + 32. Suppose s + c = v, 3*s = 3*c - 0*c + 27. What is the remainder when 42 is divided by s?
9
Suppose -s - 4 = -12. Suppose 6*g = s + 22. Suppose 2*l - 5*l - 345 = -4*h, -353 = -4*h - g*l. Calculate the remainder when h is divided by 15.
12
Let f(t) = -3*t + 10. Let j(y) = 1. Let c(w) = -f(w) + 6*j(w). What is the remainder when 78 is divided by c(8)?
18
Suppose y + 341 = -3*n, -2*n + y - 226 = 2*y. Let u = -81 - n. What is the remainder when 135 is divided by u?
33
Let l be 0 + 40 + 0/2. Suppose 0*o + 4*o = l. Suppose 4*f = 2*d + 1 + 7, -f = -3*d - 2. Calculate the remainder when o is divided by f.
0
Let w(t) = 25*t**3 - t**2 + 1. What is the remainder when (-2)/(-18) + (-46550)/(-630) is divided by w(1)?
24
Let s(w) = 2*w**2 + 30 + 4218*w - w**2 - 4229*w. Let n = 40 + -21. Calculate the remainder when s(14) is divided by n.
15
What is the remainder when 396 is divided by 2*9/(-12)*(-1920)/36?
76
Suppose -2*d = -7*d + 50. Let s = d + 12. What is the remainder when s is divided by 8?
6
Suppose -2*s - 3*k = -4*s + 236, -s - 3*k + 136 = 0. Let w = 1 - -24. What is the remainder when s is divided by w*(-6 - -3 - -4)?
24
Let u = 11 + -6. Suppose -u*s + 14 = -2*w, w + 4*w + 5*s = 0. Calculate the remainder when 37 is divided by -1 + w + (-26)/(-2).
7
Suppose -17*x - 36 = -14*x. Suppose 0 = 3*q - q - 22. Calculate the remainder when 5/((-15)/x) - -16 is divided by q.
9
Let t = -5 + 5. Suppose -u + 21 = -t*u. What is the remainder when u is divided by ((-8)/(-18))/(20/360)?
5
Suppose -8 = -4*r - 3*x + 18, x - 17 = -3*r. Calculate the remainder when 6 is divided by r.
1
Suppose -a + 4*b + 27 = 8, -5*a + 5*b = -170. Calculate the remainder when 72 is divided by a.
33
Let d(i) = 2*i**2 + 39*i + 34. Calculate the remainder when 239 is divided by d(-19).
14
Calculate the remainder when 438 is divided by (-2 - -3) + 19 + -9.
9
Let g = -41 - -83. Suppose 2*b + 3*f = 13, 0 = 5*b + 2*f - 34 - 4. Let x = b - -14. What is the remainder when g is divided by x?
20
Calculate the remainder when 156 is divided by (6 - -44)/(4/(-6)*-3).
6
Suppose 38*b - 17248 = -11*b. Calculate the remainder when b is divided by 5.
2
Suppose -42 = -5*i - 3*m + 63, 0 = -5*m + 25. Calculate the remainder when 265 is divided by i.
13
Suppose -5*t - 11*u = -12*u - 68, 0 = -3*u - 9. Calculate the remainder when 24 is divided by t.
11
Suppose -240 = 944*g - 952*g. Let y(t) = 3*t + 2. What is the remainder when g is divided by y(5)?
13
Suppose 0 = t + 3*t. Suppose 0 = -t*d + 5*d - 70. Calculate the remainder when 52 is divided by d.
10
Suppose -3527 = -45*h + 1288. What is the remainder when h is divided by 18?
17
Suppose 0 = 3*u + 4*p + 170, -145 = 3*u - 2*p + p. Let a = -16 - u. Suppose 6*o - 5*o - a = 0. Calculate the remainder when o is divided by 12.
10
Suppose -h + 12 = u, 2 - 3 = -h. Suppose 0 = o + 3*y + 52 + 63, 3*y = -4*o - 460. Let i = 157 + o. What is the remainder when i is divided by u?
9
Let n = 6 + -4. Suppose -n*a = -2*g + 22, -g + 0*a = -3*a - 13. Let w(j) = 2*j - 7. What is the remainder when w(12) is divided by g?
7
Let z(i) = -i**3 + 23*i**2 - 23*i + 22. Let w be z(22). Suppose -o = 3*y - 2*y - 3, -3*y + 5*o + 17 = w. Calculate the remainder when 26 is divided by y.
2
Suppose 3*g + 441 = 12*g. Suppose -7*x - g = -574. Calculate the remainder when x is divided by 16.
11
Suppose -20 = 5*o, 36 - 463 = -5*a - 2*o. Calculate the remainder when a is divided by 19.
11
Let t be (-3 + 5)*1*41/2. Let s = t + -25. Let j(a) = -a + 9. Calculate the remainder when s is divided by j(0).
7
Suppose -3*n - 4*v = -5, -2*n - v = -2*v - 18. Let w = -47 - n. What is the remainder when 36 is divided by 3/(-6) - w/4?
10
Let b be (-21)/1 + (4 - 1). What is the remainder when 23 is divided by (40/15)/((-4)/b)?
11
Let f = 15 - 14. Calculate the remainder when 11 is divided by (-8)/((-1)/f + -1).
3
Suppose 37*k - 42*k + 160 = 0. Let v = k - 31. Let p(l) = -l**3 + 3*l**2 + 6*l - 5. What is the remainder when p(4) is divided by v?
0
Suppose 0*v - 3*v = 27. Let i(m) = -10*m + 11 + 17*m**2 + m**3 + 0*m - 9*m**2 + 0*m. What is the remainder when 39 is divided by i(v)?
19
Let d = -18 - -45. Suppose 0 = -b - 0*b + 5. Suppose -87 = -b*q + 173. Calculate the remainder when q is divided by d.
25
Suppose 0 = 4*b + 2*z - 276, -7*z + 8*z + 276 = 4*b. Calculate the remainder when 339 is divided by b.
63
Suppose -163*g + 179*g = 128. Calculate the remainder when 64 is divided by g.
0
Suppose d - 32 = 4*v, -4*v - 63 = -4*d + 5. Let j = -41 - -29. Calculate the remainder when (-3 - j*3) + 0 is divided by d.
9
Suppose 35 = 79*a - 1441 + 212. What is the remainder when 1*47*(0 + 1) is divided by a?
15
Suppose 842*u = 847*u - 540. What is the remainder when 129 is divided by u?
21
Calculate the remainder when 33 is divided by 0 - 28*(-6)/12.
5
Let o(a) = 4*a**3 + 3*a**2 - 20*a + 38. What is the remainder when 221 is divided by o(3)?
108
Let t(q) = 2*q + 1. Let l be t(1). Suppose 4 + 0 = 2*w. Suppose 0*m - l*m = 6, 4*p - 288 = -w*m. What is the remainder when p is divided by 25?
23
Let b = -159 - -263. Suppose -4*k + 112 = -b. Suppose 4*t + 2*r = 60, 3*r + 35 - 13 = 2*t. Calculate the remainder when k is divided by t.
12
Let q = 16 - -8. Let x(i) = 19*i - 81. What is the remainder when q is divided by x(5)?
10
Suppose 4*a - 52 = 2*y - 4*y, 3*a - 9 = 0. What is the remainder when 98 is divided by y?
18
Let r(s) = s**2 + 2*s - 276. Calculate the remainder when 132 is divided by r(17).
38
Suppose 1500 = 11*m - 601. Suppose 13*c - m = 1291. Calculate the remainder when c is divided by 13.
10
Let i(l) = -l**2 - 14*l + 11. Calculate the remainder when 11 is divided by i(-14).
0
Suppose -3*w - 31 = 2. Let z(n) = 2*n**2 + 21*n - 8. What is the remainder when 3 is divided by z(w)?
0
Let f(s) = s**3 + 2*s**2 - 5*s - 1. Calculate the remainder when 17 is divided by f(-2).
8
Suppose -56 = -4*n + 2*h, -n - h = -0*h - 8. Suppose -33 = -5*f + 7. Let x = f + n. What is the remainder when 38 is divided by x?
18
What is the remainder when 111 is divided by (-3 - -2)/(16/(-224))?
13
Suppose 0 = -y - 5*p + 243, -4*p = 3*y - 7*p - 747. What is the remainder when y is divided by 23?
18
Calculate the remainder when 222 is divided by 24/(-2)*399/(-84).
51
Suppose -3*f - 4*j + 73 = -167, -3*j = 9. Suppose 2*q - 32 = 2*w, -2*q - 62 = -5*q - 4*w. Calculate the remainder when f is divided by q.
12
Let q = 6 + -6. Suppose q = o - 5*o + 16. Suppose o*f = 70 + 18. What is the remainder when f is divided by 12?
10
Let k(u) be the second derivative of -u**4/12 + 3*u**3/2 + 4*u**2 - 14*u. Calculate the remainder when 153 is divided by k(6).
23
Let m = -502 + 611. Calculate the remainder when m is divided by 55.
54
Let z = -992 - -1027. Calculate the remainder when 175 is divided by z.
0
Let j be (-999)/54*(-4 + -1 - 1). Suppose -6*n + 3*n = 2*q - 82, -4*n + j = 3*q. Calculate the remainder when n is divided by 5.
4
Let r(u) be the first derivative of -65*u**2 - 2*u + 32